 11*r - 11. What are the prime factors of t(-5)?
2, 193
Let n(l) = l + 2. Let w be n(-3). Let x = 46 - 52. Let a = w - x. List the prime factors of a.
5
Let n(i) = -7*i + 14. Let x be n(4). Let g = 9 + x. What are the prime factors of -3*(980/12)/g?
7
Let s = 2 + 11. Let d = 8 + s. What are the prime factors of d?
3, 7
Let l(f) = -f + 9. Let y be l(5). Let x = -5 + y. What are the prime factors of x/(-7) - 5130/(-105)?
7
Suppose 145 = 2*g - 53. Suppose -r - 15 = -5*h, r - 15 = -h - 6. Suppose -g = -h*f + 1. What are the prime factors of f?
5
Let w(t) = -t**2 - 10*t + 9. Let x be w(-10). Suppose x = 3*g + 99. List the prime factors of (-78)/(-4) - g/20.
3, 7
Let u(q) = 4*q**2 - 7*q + 3. Let c be u(3). Suppose 2*x - 10 = 0, -2*g - 5*x + c + 13 = 0. List the prime factors of g.
3
Let s be (-3 + 4 + 7)/2. Suppose 73 = a - 4*b, 4*b = a - s*a + 171. What are the prime factors of a?
61
Let i(l) be the third derivative of -l**6/60 + 3*l**5/10 + l**4/8 + 11*l**3/3 + 39*l**2. List the prime factors of i(9).
7
Suppose 1200*h - 1199*h - 885 = 0. What are the prime factors of h?
3, 5, 59
Suppose 5286 = 2*i + 4*o, 5*i - 35*o = -37*o + 13223. List the prime factors of i.
5, 23
Suppose -7 - 9 = -4*s. Suppose 9 = s*o - 11. Suppose 0 = 2*l - 0*l - 5*i - 18, 45 = o*l - 2*i. List the prime factors of l.
3
Let v = 47 - 37. What are the prime factors of 4/1 + (v - 4)?
2, 5
Suppose s = 5*s - 3396. Suppose -2*l - 383 = -v, -5*l - s = 5*v + 86. What are the prime factors of l/(-12) + 2/12?
2
Suppose 0 = -5*u - 11 + 1. What are the prime factors of u/8 - 183/(-12)?
3, 5
Suppose g = -5*d + 251, d + 4*d = -4*g + 239. Suppose -2*f + d + 21 = 0. List the prime factors of f.
2, 3
Suppose 0 = -54*s + 6*s + 157152. What are the prime factors of s?
2, 1637
Let q = 25 + -25. Suppose q = -3*s - t + 2*t + 65, -3*t + 127 = 5*s. What are the prime factors of s?
23
Let g = 2152 - 1799. What are the prime factors of g?
353
Let d(p) = 2*p**3 + 12*p**2 + 10*p - 7. Let k(h) = h**2 + h. Let o(t) = -d(t) + 3*k(t). What are the prime factors of o(-5)?
67
Let r(h) = -113*h - 345. List the prime factors of r(-21).
2, 3, 13
Let n = -1593 + 2343. What are the prime factors of n?
2, 3, 5
Let d(a) = 3*a + 5. Let r be d(-4). Let s = r - -8. List the prime factors of (5 - 51)*s/(-2).
23
Let s(c) = -120*c + 54. What are the prime factors of s(-3)?
2, 3, 23
Let q(t) = 2*t**2 + 24*t + 36. Let w be q(-15). What are the prime factors of w + 0 + (0 - 2)/2?
5
Let f(y) = -y**3 - 2*y**2 + 8*y + 3. Let k(b) = b**3 + 4*b**2 - 5. Let g be k(-4). Let m be f(g). Let w = m + -17. What are the prime factors of w?
3, 7
Suppose -12*w = -17*w - 2*y + 3003, w + 4*y - 597 = 0. What are the prime factors of w?
601
Let i = 12 - 13. What are the prime factors of 3/i + 141 + -6?
2, 3, 11
Let m = -8 + 13. Suppose m = -3*w - 7. Let g(q) = q**2 - 4*q - 2. List the prime factors of g(w).
2, 3, 5
What are the prime factors of ((-2134)/1)/(8/(-4))?
11, 97
List the prime factors of (-852)/10*100/(-30).
2, 71
Let l(z) = 84*z**2 - 3*z - 2. Suppose 21*n = 20*n - 1. What are the prime factors of l(n)?
5, 17
Suppose 30 = -5*s - 5*w, -5*s + 2*w - 80 + 22 = 0. Let p = s + -14. Let r = p - -50. List the prime factors of r.
2, 13
Let t(k) = k**2 - 2*k + 1. Let l be t(2). Let q be ((-2)/6)/((-6)/(-270)). Let u = l - q. What are the prime factors of u?
2
Suppose 283*a - 293*a - 380 = 0. Let s be (-10)/(-4)*26*1. Let n = s + a. List the prime factors of n.
3
Let r be (-1)/(3/12 - 0). Let f(y) = y**3 + 10*y**2 + 8*y + 4. What are the prime factors of f(r)?
2, 17
Let g = 125 + -106. Suppose 2*i = -3 - 23. Let j = g + i. List the prime factors of j.
2, 3
Let c(o) = -8*o + 77. What are the prime factors of c(-43)?
421
Let b = 2534 - 925. What are the prime factors of b?
1609
Let v(q) = 6 - 8 + 4*q + 3 + q**2. List the prime factors of v(4).
3, 11
Let g(z) = z - 1. Let j be g(5). Suppose 0 = 3*s + 3*u - 21, -j*u = -5*s + 6*s - 13. Suppose s*x + 4 = 69. List the prime factors of x.
13
Let c(r) = 550*r**2 + 28*r + 51. List the prime factors of c(-2).
5, 439
Let w = -1072 + 1977. What are the prime factors of w?
5, 181
Let v be (4 - 27/6) + (-646)/(-4). Suppose -3*f - v = -4*f. List the prime factors of f.
7, 23
Suppose -4*i + 368 = d, 4*d - 7 = -23. Let s = -28 + i. What are the prime factors of s?
5, 13
Suppose -2*o = o + 18. Let k be (-5 - o)*(-6)/(-2). What are the prime factors of 17 + (k - 2)*-1?
2
Let w(c) = -c**3 + 35*c**2 - 45*c - 52. What are the prime factors of w(26)?
2, 11, 13, 17
Let y = -215 + 1216. What are the prime factors of y?
7, 11, 13
Let z = -438 + 2194. List the prime factors of z.
2, 439
Let i(b) = 14*b**2 - 6*b - 60. What are the prime factors of i(-6)?
2, 3, 5
Suppose 5*i + 3*a = 194, 120 = 2*i + i + 3*a. Suppose y + c + i = 184, -c + 747 = 5*y. What are the prime factors of y?
2, 3, 5
Suppose -163 - 145 = -4*r. Suppose 3*k - 5*d = r, 2*k - 3*d - 54 = d. Let c = k + -14. What are the prime factors of c?
5
Suppose 5*m - 7 = -3*j, 2*j + 2*m - 34 = 6*m. Let b be (60/(-9))/((-6)/j). Let t(g) = 3*g - 8. What are the prime factors of t(b)?
2, 11
Suppose 0*x + 87 = 3*x + 2*m, -x = -m - 34. Suppose -x = -5*f - 3*o, 3*f - 4 - 17 = -o. List the prime factors of f.
2
Suppose -2*p = -2 - 2. Let m(c) = 26*c**2 - 3*c + 3. Let b be m(p). Suppose 3*l = -4*w + 4*l + b, -w - l = -24. List the prime factors of w.
5
Suppose -4*v + 0*v + 857 = z, 0 = -5*z - v + 4380. Suppose -z + 329 = -2*x + 4*k, 5*x - 1370 = -2*k. What are the prime factors of x?
2, 137
Suppose -l + 15 = 3*r, l + 24 - 4 = 4*r. Let s be r - 1 - (-9 + -2). Suppose -81 = -3*m - s. What are the prime factors of m?
2, 11
Suppose 5*f - 5*t = 4*f - 29, 0 = -2*t + 10. Let o = f + 4. Suppose o = -3*p + p + 10. List the prime factors of p.
5
Let h = -24 - -24. Suppose h*k + k = 5*t + 34, t - 101 = -2*k. What are the prime factors of k?
7
Suppose -m = 5*m + 12. List the prime factors of (3/(-2))/(m/(165 - 1)).
3, 41
Let v(o) = -153*o - 288. List the prime factors of v(-15).
3, 223
Let i be (-9)/(-1) + (1 - -2). Suppose 12 = 2*n + 4*y, -2*y - 2*y - i = -2*n. What are the prime factors of n?
2, 3
Suppose 0 = -78*v + 28*v + 114450. What are the prime factors of v?
3, 7, 109
Let x = 7 - 47. Let b = x + 61. What are the prime factors of b?
3, 7
Let u(n) = -4*n**3 - 2*n**2 + 15*n**2 + 3*n**3 + 16 + 13*n. Let f be u(14). Suppose 0 = 7*q - f*q - 50. List the prime factors of q.
2, 5
Let o(v) be the first derivative of -1/4*v**4 + 11/2*v**2 + 15*v + 10/3*v**3 + 14. List the prime factors of o(11).
3, 5
Suppose -46*m + 52*m = 2172. What are the prime factors of m?
2, 181
Suppose -32*m - 37765 = -45*m. List the prime factors of m.
5, 7, 83
Let o(s) = 21*s - 6. Let h be o(2). List the prime factors of 2708/h - (-4)/(-18).
3, 5
Let l(o) = 132*o**2 - 13*o + 41. What are the prime factors of l(-4)?
3, 5, 7
Let s be ((-9)/6)/3 - (-21)/6. Suppose -l = -3*l. Suppose 0*k + s*k - 36 = l. What are the prime factors of k?
2, 3
List the prime factors of (14/(-21))/(2/(-11349)).
3, 13, 97
Let n = -1091 + 1239. List the prime factors of n.
2, 37
Let t = 247 - -441. What are the prime factors of t?
2, 43
Let k be ((-17)/(-1))/((-27)/(-81)). Let m(j) = 9*j**2 - 3*j - 1. Let n be m(4). Let d = n - k. What are the prime factors of d?
2, 5
Suppose -3*z = 2*u + 13, -2*u + 0*u + 7 = -z. Let i be (-9)/(u + 15/(-6)). Suppose -i*t + 14 = -226. List the prime factors of t.
2, 5
Let g(l) = -4*l**2 - 4*l - 4. Let i be g(-4). Let w = 87 + i. Suppose -w = -2*s - 3*s. List the prime factors of s.
7
Let i(x) = -2*x**2 + 21*x + 13. Let f be 70/6 - 34/51. What are the prime factors of i(f)?
2
Let n be 2/(36/(-15) - -2). Let f be (-18)/n - 4/(-10). Suppose -2*l - f*l + 108 = 0. List the prime factors of l.
2, 3
What are the prime factors of 6 + (-2466)/(-63) + 1/(-7)?
3, 5
Let a(v) = v**3 + v**2 - 2*v + 3. Let c be a(0). Suppose -7 + 1 = -3*q, -4*r - c*q = -102. What are the prime factors of r?
2, 3
Let q be 2/(-6) + 80/24. Suppose -195 = q*k - 8*k. Suppose -45 = -5*i + 2*z, 7*i - 3*i - k = z. List the prime factors of i.
11
Let l(t) = t**3 + 19*t**2 + t + 16. Let u be l(-19). What are the prime factors of 2*(u - -2)*-63?
2, 3, 7
Let t(f) = f**3 - 2*f**2 + 3*f - 2. Let n be t(1). Suppose n = -6*b + 979 + 371. List the prime